test common divisor of 24 and 408.
24
What is the highest common factor of 152 and 8?
8
Calculate the highest common divisor of 33 and 264.
33
What is the highest common factor of 34 and 2482?
34
Calculate the highest common factor of 260 and 208.
52
What is the greatest common factor of 595 and 1547?
119
What is the greatest common divisor of 60 and 9300?
60
Calculate the greatest common factor of 49 and 35.
7
Calculate the highest common divisor of 209 and 304.
19
What is the greatest common divisor of 92 and 23?
23
Calculate the greatest common divisor of 261 and 27.
9
What is the highest common divisor of 8035 and 10?
5
Calculate the greatest common factor of 208 and 156.
52
What is the highest common divisor of 154 and 14?
14
What is the highest common divisor of 144 and 192?
48
What is the highest common factor of 96 and 1056?
96
What is the highest common factor of 400 and 1140?
20
What is the highest common divisor of 90 and 20?
10
Calculate the highest common divisor of 4875 and 39.
39
Calculate the highest common factor of 21 and 112.
7
What is the highest common factor of 773 and 1?
1
What is the highest common divisor of 126 and 819?
63
What is the highest common factor of 6 and 78?
6
Calculate the greatest common divisor of 391 and 299.
23
Calculate the highest common divisor of 228 and 285.
57
What is the greatest common divisor of 111981 and 229?
229
What is the highest common factor of 2365 and 1075?
215
Calculate the highest common divisor of 6 and 162.
6
What is the greatest common factor of 18 and 29709?
9
Calculate the highest common factor of 5 and 2165.
5
What is the highest common divisor of 287 and 42763?
287
What is the highest common factor of 126 and 516?
6
What is the highest common divisor of 3750 and 6?
6
Calculate the greatest common factor of 104 and 40.
8
Calculate the greatest common factor of 50 and 230.
10
What is the highest common divisor of 99 and 88?
11
What is the greatest common factor of 70 and 1750?
70
Calculate the highest common divisor of 80 and 5008.
16
What is the highest common factor of 45 and 180?
45
What is the highest common factor of 16 and 1424?
16
Calculate the highest common factor of 29 and 58.
29
What is the greatest common factor of 83 and 83?
83
What is the greatest common factor of 50732 and 11?
11
Calculate the highest common divisor of 50301 and 69.
69
What is the greatest common divisor of 810 and 162?
162
Calculate the highest common divisor of 848 and 1325.
53
What is the highest common divisor of 24 and 664?
8
Calculate the greatest common divisor of 235 and 188.
47
Calculate the greatest common divisor of 1944 and 144.
72
What is the greatest common divisor of 33 and 15?
3
What is the highest common divisor of 166 and 581?
83
What is the highest common divisor of 2830 and 40?
10
Calculate the highest common divisor of 54 and 27.
27
Calculate the highest common divisor of 196 and 147.
49
What is the greatest common divisor of 559 and 7697?
43
What is the greatest common factor of 8584 and 2368?
296
Calculate the greatest common factor of 301 and 817.
43
Calculate the highest common divisor of 90 and 1971.
9
Calculate the greatest common divisor of 9175 and 25.
25
Calculate the greatest common factor of 24 and 5232.
24
Calculate the highest common divisor of 1241 and 219.
73
What is the greatest common factor of 69321 and 21?
21
Calculate the greatest common factor of 2 and 18.
2
Calculate the highest common factor of 78 and 2015.
13
Calculate the greatest common factor of 6371 and 23.
23
Calculate the highest common factor of 209 and 88.
11
Calculate the highest common factor of 166 and 83.
83
Calculate the greatest common factor of 5709 and 33.
33
What is the highest common factor of 32648 and 7?
7
What is the greatest common factor of 121 and 15851?
121
What is the highest common divisor of 81 and 29268?
27
Calculate the highest common factor of 192 and 64.
64
Calculate the highest common divisor of 4554 and 990.
198
Calculate the highest common divisor of 49 and 7693.
49
What is the greatest common divisor of 139 and 973?
139
What is the highest common factor of 426 and 12?
6
What is the greatest common factor of 27 and 6?
3
Calculate the greatest common divisor of 34 and 10.
2
Calculate the greatest common factor of 40 and 180.
20
Calculate the highest common divisor of 1092 and 3.
3
What is the greatest common factor of 21 and 69?
3
What is the greatest common divisor of 6 and 2595?
3
Calculate the greatest common divisor of 184 and 3588.
92
What is the greatest common factor of 20 and 130?
10
Calculate the highest common factor of 2074 and 204.
34
What is the greatest common divisor of 233 and 16077?
233
Calculate the greatest common factor of 195 and 975.
195
What is the greatest common factor of 36 and 882?
18
What is the greatest common divisor of 2096 and 2489?
131
What is the greatest common factor of 2187 and 27?
27
What is the highest common divisor of 2884 and 28?
28
What is the greatest common divisor of 48 and 2384?
16
Calculate the greatest common divisor of 12 and 384.
12
What is the highest common factor of 30 and 60?
30
Calculate the highest common factor of 29 and 493.
29
What is the highest common divisor of 64 and 8768?
64
What is the greatest common factor of 208 and 128?
16
What is the highest common factor of 297 and 81?
27
What is the greatest common factor of 72 and 5688?
72
What is the highest common factor of 37771 and 706?
353
What is the highest common divisor of 72 and 3504?
24
Calculate the highest common factor of 3538 and 244.
122
What is the highest common factor of 27 and 9?
9
What is the greatest common divisor of 11 and 5357?
11
Calculate the greatest common divisor of 1595 and 145.
145
What is the highest common divisor of 2125 and 510?
85
What is the greatest common divisor of 3 and 1149?
3
What is the highest common factor of 36 and 450?
18
Calculate the greatest common factor of 99 and 258.
3
What is the greatest common factor of 1204 and 774?
86
Calculate the greatest common divisor of 4307 and 59.
59
What is the greatest common divisor of 33 and 7095?
33
What is the highest common factor of 1212 and 384?
12
What is the greatest common factor of 432 and 243?
27
What is the highest common divisor of 2691 and 234?
117
What is the highest common factor of 56 and 12?
4
What is the highest common divisor of 4020 and 6?
6
What is the highest common divisor of 7 and 595?
7
What is the greatest common factor of 1738 and 154?
22
What is the greatest common factor of 38 and 152?
38
Calculate the highest common divisor of 9 and 171.
9
Calculate the greatest common divisor of 26 and 12233.
13
Calculate the greatest common divisor of 26 and 65.
13
Calculate the greatest common factor of 88 and 248.
8
What is the highest common factor of 548 and 1781?
137
Calculate the highest common factor of 185 and 5.
5
Calculate the greatest common divisor of 50 and 10.
10
Calculate the highest common divisor of 256 and 60.
4
Calculate the highest common divisor of 675 and 75.
75
Calculate the greatest common factor of 25 and 5.
5
Calculate the greatest common divisor of 13 and 169.
13
What is the greatest common factor of 21953 and 116?
29
What is the highest common divisor of 294 and 1260?
42
What is the highest common divisor of 9 and 36?
9
What is the highest common factor of 44 and 33?
11
Calculate the highest common divisor of 3 and 2649.
3
What is the greatest common factor of 27 and 56403?
27
What is the greatest common divisor of 979 and 11?
11
Calculate the greatest common divisor of 23 and 46.
23
Calculate the highest common factor of 10 and 14.
2
Calculate the greatest common factor of 100 and 40.
20
What is the highest common factor of 3111 and 102?
51
What is the greatest common divisor of 1099 and 7?
7
What is the highest common divisor of 180 and 1245?
15
What is the greatest common factor of 87 and 319?
29
Calculate the greatest common divisor of 20 and 44.
4
What is the greatest common factor of 11 and 33?
11
Calculate the greatest common factor of 65 and 8515.
65
Calculate the highest common factor of 3568 and 6467.
223
What is the greatest common divisor of 460 and 1357?
23
What is the highest common factor of 932 and 1631?
233
Calcu